{"id":969,"date":"2025-12-23T14:14:59","date_gmt":"2025-12-23T17:14:59","guid":{"rendered":"https:\/\/fcgba.com.br\/site\/?page_id=969"},"modified":"2026-01-13T16:12:56","modified_gmt":"2026-01-13T19:12:56","slug":"revista-cientifica","status":"publish","type":"page","link":"https:\/\/fcgba.com.br\/site\/revista-cientifica\/","title":{"rendered":"Revista Cient\u00edfica"},"content":{"rendered":"\n<p>A Revista Imers\u00e3o \u00e9 um peri\u00f3dico on-line da Faculdade de Ci\u00eancias Educacionais Capim Grosso (FCG-BA). Trata-se de uma publica\u00e7\u00e3o semestral te\u00f3rico-cient\u00edfica cuja finalidade \u00e9 a de promover, selecionar e socializar as produ\u00e7\u00f5es cient\u00edficas e reflex\u00f5es cr\u00edticas sobre experi\u00eancias realizadas em Gest\u00e3o, Sa\u00fade e Educa\u00e7\u00e3o, no di\u00e1logo com as Ci\u00eancias Humanas, privilegiando abordagens interdisciplinares.<\/p>\n","protected":false},"excerpt":{"rendered":"<p>A Revista Imers\u00e3o \u00e9 um peri\u00f3dico on-line da Faculdade de Ci\u00eancias Educacionais Capim Grosso (FCG-BA). Trata-se de uma publica\u00e7\u00e3o semestral te\u00f3rico-cient\u00edfica cuja finalidade \u00e9 a de promover, selecionar e socializar as produ\u00e7\u00f5es cient\u00edficas e reflex\u00f5es cr\u00edticas sobre experi\u00eancias realizadas em Gest\u00e3o, Sa\u00fade e Educa\u00e7\u00e3o, no di\u00e1logo com as Ci\u00eancias Humanas, privilegiando abordagens interdisciplinares.<\/p>\n","protected":false},"author":1,"featured_media":0,"parent":0,"menu_order":0,"comment_status":"closed","ping_status":"closed","template":"","meta":{"_acf_changed":false,"inline_featured_image":false,"footnotes":""},"class_list":["post-969","page","type-page","status-publish","hentry"],"acf":[],"_links":{"self":[{"href":"https:\/\/fcgba.com.br\/site\/wp-json\/wp\/v2\/pages\/969","targetHints":{"allow":["GET"]}}],"collection":[{"href":"https:\/\/fcgba.com.br\/site\/wp-json\/wp\/v2\/pages"}],"about":[{"href":"https:\/\/fcgba.com.br\/site\/wp-json\/wp\/v2\/types\/page"}],"author":[{"embeddable":true,"href":"https:\/\/fcgba.com.br\/site\/wp-json\/wp\/v2\/users\/1"}],"replies":[{"embeddable":true,"href":"https:\/\/fcgba.com.br\/site\/wp-json\/wp\/v2\/comments?post=969"}],"version-history":[{"count":0,"href":"https:\/\/fcgba.com.br\/site\/wp-json\/wp\/v2\/pages\/969\/revisions"}],"wp:attachment":[{"href":"https:\/\/fcgba.com.br\/site\/wp-json\/wp\/v2\/media?parent=969"}],"curies":[{"name":"wp","href":"https:\/\/api.w.org\/{rel}","templated":true}]}}