{"id":18,"date":"2025-09-29T18:01:19","date_gmt":"2025-09-29T21:01:19","guid":{"rendered":"https:\/\/fcgba.com.br\/site\/?page_id=18"},"modified":"2025-12-06T20:35:02","modified_gmt":"2025-12-06T23:35:02","slug":"cpa","status":"publish","type":"page","link":"https:\/\/fcgba.com.br\/site\/fcg\/cpa\/","title":{"rendered":"CPA | Comiss\u00e3o Pr\u00f3pria de Avalia\u00e7\u00e3o"},"content":{"rendered":"\n<p>A <strong>Comiss\u00e3o Pr\u00f3pria de Avalia\u00e7\u00e3o (CPA)<\/strong> da <strong>Faculdade Capim Grosso \u2013 FCG<\/strong> \u00e9 o \u00f3rg\u00e3o respons\u00e1vel pela condu\u00e7\u00e3o dos processos de avalia\u00e7\u00e3o interna da institui\u00e7\u00e3o, em conformidade com o <strong>Sistema Nacional de Avalia\u00e7\u00e3o da Educa\u00e7\u00e3o Superior (SINAES)<\/strong>, institu\u00eddo pela <strong>Lei n\u00ba 10.861\/2004<\/strong>.<\/p>\n\n\n\n<p>A CPA tem como objetivo promover uma <strong>cultura permanente de autoavalia\u00e7\u00e3o<\/strong>, contribuindo para a melhoria cont\u00ednua da <strong>qualidade do ensino, da gest\u00e3o e dos servi\u00e7os oferecidos<\/strong> \u00e0 comunidade acad\u00eamica, tanto nas modalidades <strong>presencial<\/strong> quanto <strong>a dist\u00e2ncia (EAD)<\/strong>.<\/p>\n","protected":false},"excerpt":{"rendered":"<p>A Comiss\u00e3o Pr\u00f3pria de Avalia\u00e7\u00e3o (CPA) da Faculdade Capim Grosso \u2013 FCG \u00e9 o \u00f3rg\u00e3o respons\u00e1vel pela condu\u00e7\u00e3o dos processos de avalia\u00e7\u00e3o interna da institui\u00e7\u00e3o, em conformidade com o Sistema Nacional de Avalia\u00e7\u00e3o da Educa\u00e7\u00e3o Superior (SINAES), institu\u00eddo pela Lei n\u00ba 10.861\/2004. A CPA tem como objetivo promover uma cultura permanente de autoavalia\u00e7\u00e3o, contribuindo para [&hellip;]<\/p>\n","protected":false},"author":1,"featured_media":0,"parent":12,"menu_order":0,"comment_status":"closed","ping_status":"closed","template":"","meta":{"_acf_changed":false,"inline_featured_image":false,"footnotes":""},"class_list":["post-18","page","type-page","status-publish","hentry"],"acf":[],"_links":{"self":[{"href":"https:\/\/fcgba.com.br\/site\/wp-json\/wp\/v2\/pages\/18","targetHints":{"allow":["GET"]}}],"collection":[{"href":"https:\/\/fcgba.com.br\/site\/wp-json\/wp\/v2\/pages"}],"about":[{"href":"https:\/\/fcgba.com.br\/site\/wp-json\/wp\/v2\/types\/page"}],"author":[{"embeddable":true,"href":"https:\/\/fcgba.com.br\/site\/wp-json\/wp\/v2\/users\/1"}],"replies":[{"embeddable":true,"href":"https:\/\/fcgba.com.br\/site\/wp-json\/wp\/v2\/comments?post=18"}],"version-history":[{"count":0,"href":"https:\/\/fcgba.com.br\/site\/wp-json\/wp\/v2\/pages\/18\/revisions"}],"up":[{"embeddable":true,"href":"https:\/\/fcgba.com.br\/site\/wp-json\/wp\/v2\/pages\/12"}],"wp:attachment":[{"href":"https:\/\/fcgba.com.br\/site\/wp-json\/wp\/v2\/media?parent=18"}],"curies":[{"name":"wp","href":"https:\/\/api.w.org\/{rel}","templated":true}]}}